n factor of h and 5?
5
Let p = 6 - 6. Let f = p - -3. Suppose 4*j - 3*i = -j + 240, 0 = j - f*i - 48. What is the greatest common divisor of 6 and j?
6
Let c(t) = -t**2 + 3*t + 16. Let k be c(4). What is the highest common factor of 12 and k?
12
Suppose -x + 2*x = r - 28, -5*x + 21 = 2*r. Suppose 5*d = d. Suppose -46 = -d*m - 2*m. What is the greatest common divisor of r and m?
23
Suppose -p - 131 + 367 = 0. Suppose 3*j - p = -k + j, -3*j = 4*k - 959. What is the highest common divisor of k and 22?
22
Let a(h) = -7*h - 1. Let x(m) = 8*m + 1. Let j(f) = 4*a(f) + 5*x(f). Let q be j(2). What is the greatest common divisor of 10 and q?
5
Suppose -n - 4*n = 0, 4*r = -n + 28. Suppose -3*g - 328 = -r*g. Suppose -b = -5*z - 0*b + 98, -4*z - b = -g. What is the highest common divisor of z and 180?
20
Suppose 3*p - 3*h = 45, 5*h - h + 5 = -p. Calculate the highest common factor of 11 and p.
11
Suppose -4*y - 3 = -y + 3*o, -11 = -y + 2*o. What is the greatest common factor of y and 2?
1
Let r be (3/(-9))/(1/(-249)). Suppose 5*o - 3*s = r, 1 - 3 = 2*s. Calculate the greatest common divisor of 112 and o.
16
Let b(l) = 2*l**2 - 6*l - 6. Let h = -3 - -9. Let g be ((-20)/(-6))/(4/h). Let d be b(g). What is the highest common factor of 98 and d?
14
Suppose 42 - 2 = -2*q. Let u = -6 - q. Let k = -13 + 48. What is the highest common divisor of k and u?
7
Let i = 277 + -133. Let k = -21 - -37. What is the highest common divisor of i and k?
16
Let o = -24 + 35. Calculate the highest common factor of 88 and o.
11
Let w(p) = 4*p - 1. Let y(u) = 2*u - 1. Let n be y(4). Let z be w(n). Calculate the highest common divisor of 3 and z.
3
Let x(l) = -l**3 - 16*l**2 + l + 18. Let g be x(-16). Calculate the greatest common divisor of g and 6.
2
Suppose -2*x - 7 = 4*f - 21, -f + 2 = 0. Suppose -6*u + x*u = -39. Calculate the highest common divisor of 13 and u.
13
Suppose z - 2*z - 1 = 0. Let o be 26/8 + z/4. Calculate the greatest common factor of 6 and o.
3
Suppose 2*r = -3*r + 10. Let c be (0 + r/(-2))*-9. Calculate the highest common factor of 72 and c.
9
Let i(k) = -k**2 - k + 20. Let a(d) = d**2 + d. Let b(f) = 2*a(f) + i(f). Let o be b(0). Calculate the highest common factor of o and 80.
20
Suppose 2*a - 5*a - 288 = 0. Let x = a - -264. Calculate the greatest common divisor of 28 and x.
28
Let k be -2*(19/2)/(-1). Suppose -4*d - 461 = 443. Let a = d - -435. Calculate the greatest common divisor of k and a.
19
Let x be (-1 - (-27)/15)/((-5)/(-125)). What is the greatest common factor of x and 160?
20
Let o(a) = -2*a + 24. Let n be o(-6). Calculate the highest common divisor of 36 and n.
36
Suppose 0 = -2*f + 2*s + 282, s = -0*f - f + 145. What is the greatest common factor of 13 and f?
13
Let o = 4 + 0. Suppose -c = 3*t + o*c - 20, -4*t + 3*c + 75 = 0. Calculate the greatest common factor of t and 135.
15
Let l = -8 + 11. What is the highest common factor of 21 and l?
3
Let r(c) = -c**3 + 13*c**2 - 12. Let f be r(12). What is the highest common divisor of 99 and f?
33
Suppose -3*r - 60 = -8*r. Calculate the greatest common factor of r and 96.
12
Let c(l) = 2 + l**3 + 7 - 5 - 3*l + 0*l - 6*l**2. Let k be c(8). Calculate the highest common factor of 12 and k.
12
Let n be 6*1/1 + -2. Suppose 0 = -n*r - 5 + 61. Suppose -2*h + h = -k - r, 5*k + 34 = 2*h. Calculate the highest common divisor of h and 36.
12
Suppose 5*p - 30 = -0*p. What is the greatest common factor of 54 and p?
6
Let s = -24 - -46. Let y = s - -2. What is the highest common divisor of y and 36?
12
Suppose 2*d = 0, 0 = 4*t - 4*d + 123 - 571. Suppose -67 = -3*f - 5*b, 18 = 3*f - f - 2*b. What is the highest common factor of t and f?
14
Let l = 49 - 42. Calculate the greatest common factor of l and 7.
7
Let z = 4 + -2. Let l = 4 + z. Calculate the greatest common factor of l and 6.
6
Let z = 53 - 17. What is the highest common factor of 72 and z?
36
Let i = -11 + 71. Suppose -12 = 4*x - 72. Calculate the highest common divisor of i and x.
15
Let n(l) = -l**2 + 7*l - 11. Let p be n(4). Suppose 0*s = 5*s - 15. Let c = s - -1. What is the highest common divisor of p and c?
1
Suppose -80 = -3*v - 2*v + 4*w, 5*w = 0. Let r be 6/5*(-10)/(-4). Suppose r*b + 2*b = 560. What is the highest common divisor of b and v?
16
Let p = -15 + 15. Suppose 3*n + 4*m - 290 = p, m = -3*n + 155 + 138. Calculate the highest common factor of n and 14.
14
Let v = 15 + -7. Let a = -2 + v. What is the highest common factor of 12 and a?
6
Let k = 38 + -22. Calculate the greatest common factor of 48 and k.
16
Let f = 182 + -176. Calculate the greatest common factor of 9 and f.
3
Suppose -50*p - 84 = -53*p. Calculate the highest common divisor of p and 224.
28
Let i be (-187)/(-9) - (-30)/135. Suppose 0*h = h - 21. What is the highest common divisor of i and h?
21
Let g be 0 - (-117 - (1 + -1)). Let s be 9/(-3)*26/(-6). Calculate the highest common divisor of g and s.
13
Let c = -72 - -106. Let o be 3*(-1 - (-5)/3). Let v = o + c. Calculate the highest common factor of v and 24.
12
Suppose -4*d - 6 = -3*c + c, 5*c - 15 = -5*d. Suppose d = 3*b - 15 - 24. Let h = b + -4. What is the greatest common divisor of h and 9?
9
Let l be (2/(-4))/((-5)/1980) - -2. Suppose 2*w - 4*w = -40. Calculate the highest common factor of w and l.
20
Let n = 66 + -36. What is the greatest common divisor of 6 and n?
6
Let v(c) be the third derivative of -5*c**4/12 - 2*c**3 - 3*c**2. Let g be v(-8). Calculate the highest common divisor of g and 102.
34
Let z = 18 + -12. Suppose c - 30 = -4*i + z*i, 0 = -i - 2*c - 20. Let u = i - -33. Calculate the greatest common divisor of u and 187.
17
Let j(d) = -21*d**2. Let o be j(1). Let q be (60/o)/((-4)/14). Calculate the greatest common divisor of 90 and q.
10
Let c(i) = 34*i. Let b be c(1). What is the greatest common factor of 17 and b?
17
Suppose 2*o = -3*o - 2*b + 105, -5*b + 42 = 2*o. Calculate the greatest common divisor of 63 and o.
21
Suppose n - 3 = 62. Suppose 61 = 3*f - n. Calculate the highest common divisor of f and 14.
14
Suppose 0*s + 4*s + 192 = 0. Let l = -29 - s. What is the highest common factor of l and 57?
19
Let h(r) = -r**3 + 4*r + 0 - 1 - 5*r + 6*r**2. Let p be h(6). Let i(f) = -2*f + 7. Let k be i(p). What is the greatest common factor of 63 and k?
21
Let o be (8/6)/(1/18). Suppose -4*v + o = 2*g, -2*g + 1 = -3. Suppose -t = 3*t - 4*w - 40, -t = 2*w + v. What is the highest common divisor of 5 and t?
5
Let t be (-12)/18*(-1 - -7). Let o be t/(-6) - (-4)/(-6). Suppose 5*g = 2*d + 3*d + 30, 2*g - 5*d - 9 = o. Calculate the greatest common factor of g and 70.
7
Let v be 6*(-1)/(-2)*3. Suppose 4*b = -16, -4*j = -0*b - 5*b + 220. Let o be ((-3)/6)/(5/j). Calculate the highest common divisor of o and v.
3
Suppose 33*y = 27*y + 114. What is the greatest common factor of y and 133?
19
Let a(i) = i**2 + 3*i + 3. Let b be a(-2). Let u be 99/(-3)*b/(-3). Calculate the highest common divisor of 121 and u.
11
Let y be ((-1)/(-4))/(3/4)*12. Calculate the greatest common factor of y and 10.
2
Suppose 0 = -2*r + 4*n + 4, 2*n - 7*n = -4*r + 5. Suppose r*b + 5*b = 220. Calculate the greatest common factor of 11 and b.
11
Let v be ((-1)/2)/((-7)/308). What is the highest common factor of v and 33?
11
Suppose d - 5 = -4*d. Let i(u) = 16*u**3 - u**2 + 1. Let f be i(d). What is the greatest common divisor of 64 and f?
16
Suppose 5*i = i + 8. Let p = -88 + 90. What is the greatest common factor of p and i?
2
Let m be 4/(-2 - -1) + 55 + -1. Calculate the highest common divisor of m and 125.
25
Let p = -45 + 66. Calculate the highest common factor of p and 3.
3
Suppose -5*i - 3*h = -h - 60, -h = -5*i + 45. Let j(o) = -o**3 + 11*o**2 - 10*o + 14. Let a be j(i). What is the highest common divisor of 98 and a?
14
Let y(c) = c**2 + 3*c - 3. Let p be y(-7). Let b = 35 + -25. What is the highest common factor of b and p?
5
Let x = 61 - 13. Calculate the highest common divisor of x and 12.
12
Suppose 0 = h - 0*h - 153. Suppose 4*d - h - 47 = 0. What is the highest common divisor of 20 and d?
10
Let t be (1 + -6)*(-2)/2. Suppose l - 4*g = -17 - 1, -t*l - 5*g = -35. Suppose 2*m + 3*m - 10 = 0, j + l = 3*m. Calculate the highest common factor of j and 44.
4
Let u = -21 - -43. Calculate the greatest common factor of u and 88.
22
S